= -39 + 21. Is t(k) a composite number?
True
Suppose 1 = r - 0*r, -h + 4*r = -1. Suppose -2*o = -4*i - 1208, 2*i - 359 - 257 = -o. Suppose h*j = 10*j - o. Is j a composite number?
True
Let f(d) = 67038*d - 909. Is f(2) a composite number?
True
Let x be ((-8163)/(-6))/(13/(-26)). Is -1*(x/12)/(6/24) prime?
True
Let u(m) = -m**2 + 13*m - 28. Let y be u(-19). Let v = y + 955. Is v composite?
True
Let c = -580 + 586. Is ((-18)/(-4) - (c - 2))*10294 composite?
False
Suppose -327 = -3*c + 3*q, 2*q = -2*c + 116 + 110. Is (-13409)/(-3) + 148/c a prime number?
False
Suppose -3*c - 3*d + 12 = 0, 0 = 4*c - 3*d - 14 + 26. Suppose c = 5*o - h - 105690, 2*h + 18507 + 2622 = o. Is o prime?
True
Suppose -4*c = 5*u + 2, 0 = -5*c + c + 3*u + 14. Let s be 4*-14 + (5 - (4 - c)). Is (-5)/(25/15)*s a composite number?
True
Is (-6)/(-14) - 1210*(-1804)/77 prime?
True
Is (200/(-16) + 15)*(-1)/((-20)/2958568) composite?
False
Suppose 4 = 4*m - 8. Suppose -2*k - 1538 = -m*k. Is k a composite number?
True
Suppose -4*d + 1016 = 9420. Let b = d - -3990. Is b composite?
False
Suppose -13544 - 5235 = -r. Is r a composite number?
True
Suppose -z - 50989 = 78*m - 81*m, -3*m = z - 50993. Is m prime?
False
Let o = -7800 + 13764. Let z be (-15018)/(-9)*6/4. Let s = z + o. Is s a composite number?
False
Suppose 2*z + 4*z = -52698 + 1116756. Is z composite?
True
Is 139579 + -5*(-8 - -6) a composite number?
False
Let y = -833 + 1498. Suppose -5*r - 3*j + y = 0, 0 = 2*r - j - 290 + 24. Is r a prime number?
False
Let t(b) = 9284*b + 755. Is t(12) prime?
True
Let b(f) = -14984*f - 278. Is b(-9) a composite number?
True
Let x(p) be the second derivative of p**5/10 - p**4/12 + 3*p**3 + 21*p**2 - 3*p. Let q be x(17). Is (-2*(-1)/3)/(10/q) prime?
True
Suppose -27 - 33 = 5*j. Is (-24)/(-16)*(-54440)/j composite?
True
Suppose 3*t - 6 = -4*s, 0 = 4*t - 1 - 7. Suppose p + 3*q - 19907 = s, 81*q - 85*q + 19909 = p. Is p composite?
True
Let x = -73420 - -206639. Is x prime?
False
Let y = 14107 - 9195. Suppose -y - 3857 = -3*t. Is t a composite number?
True
Suppose -g - 12 = -7*g. Let w(p) = 8*p**g - 19 + 6 + 14*p - 3*p - 5*p. Is w(-9) prime?
False
Let k(h) be the second derivative of -h**5/10 - 3*h**4/4 + 7*h**3/6 - 3*h**2 + 15*h + 2. Is k(-8) composite?
True
Let t = -26 + 29. Let h be 1/9*t - 8/(-12). Is (-5 + -286)*h/(-3) composite?
False
Suppose -3*r + 4 + 8 = 0. Suppose -q = 2*n + 2, 3*q + r*n + 1 = -1. Suppose 4*p = z + 897, q*z = 3*p - 2*z - 689. Is p a prime number?
True
Suppose -142*l - 4*s - 833445 = -145*l, 3*l - 833454 = s. Is l a composite number?
True
Suppose 106529 = 7*m + 4126. Suppose 5*j - 2*p - 36582 = 0, 0*p = -2*j - 3*p + m. Suppose j = -7*t + 24319. Is t a composite number?
True
Is 0 - 3/15 - 442224/(-45) composite?
True
Let b(l) = -1377*l - 626. Is b(-31) composite?
False
Let z(j) = j**3 - 63*j**2 - 77*j + 341. Is z(70) a composite number?
False
Let k be (-1 - 4*-1)*12/9. Suppose -42 = -2*w - 2*f, -k*w + 3*f + 39 = -w. Suppose 0 = 13*j - w*j + 3508. Is j a composite number?
False
Let h be 96/(-2*2/4). Suppose 2*q + 98 = 5*r - 310, -q - 245 = -3*r. Let s = r - h. Is s prime?
False
Let p = 508 - 455. Let v(o) = o**3 - 45*o**2 - 83*o + 70. Is v(p) composite?
False
Suppose 11*q = -1415 + 16056. Suppose -q = -7*v + 489. Let u = 59 + v. Is u a prime number?
False
Let u(l) = -l**2 - 5*l + 5. Let p be (30/9)/(8/(-12)). Let n be u(p). Suppose n*x - 11170 = 5*g, -3*x + 2*g - 5*g + 6720 = 0. Is x a composite number?
False
Suppose n - 12 = 5*n, 5*s - n = -82. Let a be (342 - -1)/(s/(-68)). Is (-3 - a/(-8))*2 a prime number?
True
Suppose -4*v = 3*p + 5217, 5*v = -p - 5070 - 1443. Let u = 267 - v. Suppose -5*d + 463 + 4216 = 3*z, z = -4*d + u. Is z prime?
True
Is 304291/4 - (3/2 + 196/(-112)) a composite number?
True
Let n = 8898 + -1391. Is n composite?
False
Is (-1033113)/(-15) - 372/310 a prime number?
False
Let o(z) = -z**2 - 25*z + 769. Let g be o(-43). Let h(y) = -26*y + 1 + 4 - 52*y. Is h(g) prime?
False
Let i(f) = 19*f**3 + 9*f**3 - 3*f + 5 + f**2 + 8*f**3 - 2*f. Is i(2) a composite number?
True
Suppose -2*k = -2*a - 3 + 11, -2*a + 5*k = -5. Suppose -2*u - a*v + 4426 = -v, -2*v = -u + 2193. Is u a composite number?
False
Let f = 25245 + 1616. Is f composite?
False
Suppose 6*p + 5*t = 8*p - 33, -47 = -3*p + 5*t. Suppose -p*q + 16*q = 7954. Is q a prime number?
False
Suppose 58 + 267 = -5*r. Suppose 5*a - 1868 = 562. Let s = a - r. Is s composite?
True
Let u(v) = -15*v**3 + 4*v**2 - 8*v + 6. Suppose x + 12 + 13 = 5*r, r + 1 = -x. Is u(x) a composite number?
True
Suppose -v = -2*o + 446, -793 + 126 = -3*o + v. Suppose 4*y = 4*z - 1740, -y = 4*z + o + 209. Let t = y + 935. Is t a prime number?
False
Let j = 24 + -22. Suppose 0 = -j*g - 6*g + 24. Suppose -2*w + 3*v = -703 - 544, -3*w - g*v + 1908 = 0. Is w composite?
False
Let c = 384814 - 227693. Is c a composite number?
True
Suppose 0 = 5*d + 5*d - 20590. Let n = d + -1281. Is n composite?
True
Suppose 46654 + 849689 = 56*x - 400561. Is x prime?
True
Suppose 0 = 8*g - 4*g + 8. Let o be g/((-8)/428) + -1. Is o/(-5*(-4)/10) a prime number?
True
Let w(q) = -q**2 - 5*q + 14. Let v be w(-6). Let c be 12/v*(-1670)/(-15). Suppose -2*n - t = -1309, -n + 5*t = -827 + c. Is n composite?
True
Let m be (124/(-8))/((-10)/12)*865. Suppose 5*j + m = 5*o + j, j + 3217 = o. Is o a prime number?
True
Is -9 + 10 + 1055577/2 - 15/30 composite?
False
Let p(t) = -t**3 - 2*t**2 - 3*t + 2. Let q be p(0). Suppose -7*h = -q*x - 6*h + 5225, -10471 = -4*x - 5*h. Is x composite?
True
Let i be -5333 - (0 - (-4)/(-4)). Let b = 10445 + i. Is b composite?
False
Is ((-7939)/51)/(1/(-159)) prime?
False
Let a(k) = 51*k**3 - 19*k**2 + 24*k - 63. Is a(10) a composite number?
False
Let f(l) = 1518*l + 108 + 448*l + 21. Is f(4) prime?
True
Let z = -5 + 10. Let d be 116/(-145) - (-2069)/z. Suppose -d = -b - 120. Is b a composite number?
False
Let h(w) = 3262*w**2 + 80*w + 3. Is h(2) a composite number?
True
Let q(g) be the second derivative of 8*g**7/315 + g**5/120 + 2*g**4/3 + 17*g. Let j(i) be the third derivative of q(i). Is j(1) a composite number?
True
Suppose -3*h + 23*a - 19*a + 121851 = 0, -5*a - 30 = 0. Is h a composite number?
False
Let k be (56 - 12)*2/4. Suppose -5*m + 3745 = -4*b, -k*m + 17*m + 2*b + 3735 = 0. Is m a composite number?
True
Let g(h) = 3*h**2 - h - 2. Let n be g(-1). Suppose 0 = n*y - 14*y + 22596. Suppose 2*d = -3*i + y, 2*d - 3*d = 3*i - 1888. Is i composite?
False
Let a(l) = -l**3 + 8*l**2 + 9*l - 7. Let u be a(6). Suppose 24612*i - 24620*i = -3792. Suppose -355 = -m - 2*v, m + 3*v + u = i. Is m a prime number?
False
Suppose -2166 = -2*a + 3*l, -l = 3*a + 560 - 3798. Let w = a - 191. Is w prime?
False
Let p(k) = -6 + 2*k + 0*k**2 - 7*k - 6 + k**2. Let h be p(6). Is (-14)/(-6)*(h + 837) a prime number?
False
Suppose 2*m - 30 = 4*k - 6, 3*k - 2*m = -19. Let w(s) = -25*s - 8 + 174*s**2 - 9 + 17*s. Is w(k) composite?
False
Let l(p) = p - 11. Let h be l(31). Suppose -28*f + 424 = -h*f. Is f prime?
True
Let l(y) = 30*y - 2. Let s be l(-1). Let b = s - -30. Is (1 - (-1095)/(-5))/b a prime number?
True
Let k = -765997 - -1140060. Is k a prime number?
True
Suppose b - 4*q - 363503 = 0, 0 = -b + 3*q + 32216 + 331292. Is b a composite number?
False
Suppose -47*u - 2374 = -49*u. Let c = 1861 - u. Is c composite?
True
Suppose 2*g = 0, i + 2*g - 4 = -g. Suppose i*n + 10254 = 10*n. Is n composite?
False
Let m be (-357 - -7)/((-4)/(-10)). Let v = m + 1396. Is v composite?
False
Suppose 1213779 = 3*t - 4*j, 93*t + 809232 = 95*t + 5*j. Is t composite?
True
Suppose 14*d - 3556077 = 761426 - 113457. Is d prime?
False
Suppose -77*x = 69*x - 162*x + 1366160. Is x prime?
False
Let j = 384788 - 92291. Is j a composite number?
True
Let s(m) = 353*m**2 + 6*m + 558. Is s(19) a prime number?
False
Suppose 13*c = 16*c - 12. Suppose 2*f = f - c, 257 = j - 2*f. Is j prime?
False
Let g(b) = -4*b**3 - 2 + 11*b**2 + 5*b**3 + 16*b + 19. Let k be g(-7). Let l = 42 + k. Is l composite?
True
Suppose 5*o - 273 = -3*r, -5*r - 411 = -5*o - 106. Let l(n) = 3 + o*n + 4 - 4 + 1. Is l(11) composite?
False
Let l = -103460 + 172159. Is l a prime number?
True
Let b be (-1)/(((-56)/21 - -3)/(-1)). Let h(j) be the third derivative of 61*j**6/120 - 5*j**4/24 + 5*j**3/6 + j**2. Is h(b) co